[INFO] cloning repository https://github.com/after-finitude/rust-test-rocket-server
[INFO] running `Command { std: "git" "-c" "credential.helper=" "-c" "credential.helper=/workspace/cargo-home/bin/git-credential-null" "clone" "--bare" "https://github.com/after-finitude/rust-test-rocket-server" "/workspace/cache/git-repos/https%3A%2F%2Fgithub.com%2Fafter-finitude%2Frust-test-rocket-server", kill_on_drop: false }`
[INFO] [stderr] Cloning into bare repository '/workspace/cache/git-repos/https%3A%2F%2Fgithub.com%2Fafter-finitude%2Frust-test-rocket-server'...
[INFO] running `Command { std: "git" "rev-parse" "HEAD", kill_on_drop: false }`
[INFO] [stdout] bbc337ca84741e1146a8e233cde26010c5b55b47
[INFO] checking after-finitude/rust-test-rocket-server against try#72f88fc4e9458f89516a0b8b0868f3718aec5b47 for pr-74989
[INFO] running `Command { std: "git" "clone" "/workspace/cache/git-repos/https%3A%2F%2Fgithub.com%2Fafter-finitude%2Frust-test-rocket-server" "/workspace/builds/worker-4/source", kill_on_drop: false }`
[INFO] [stderr] Cloning into '/workspace/builds/worker-4/source'...
[INFO] [stderr] done.
[INFO] validating manifest of git repo https://github.com/after-finitude/rust-test-rocket-server on toolchain 72f88fc4e9458f89516a0b8b0868f3718aec5b47
[INFO] running `Command { std: "/workspace/cargo-home/bin/cargo" "+72f88fc4e9458f89516a0b8b0868f3718aec5b47" "read-manifest" "--manifest-path" "Cargo.toml", kill_on_drop: false }`
[INFO] started tweaking git repo https://github.com/after-finitude/rust-test-rocket-server
[INFO] finished tweaking git repo https://github.com/after-finitude/rust-test-rocket-server
[INFO] tweaked toml for git repo https://github.com/after-finitude/rust-test-rocket-server written to /workspace/builds/worker-4/source/Cargo.toml
[INFO] crate git repo https://github.com/after-finitude/rust-test-rocket-server already has a lockfile, it will not be regenerated
[INFO] running `Command { std: "/workspace/cargo-home/bin/cargo" "+72f88fc4e9458f89516a0b8b0868f3718aec5b47" "fetch" "--locked" "--manifest-path" "Cargo.toml", kill_on_drop: false }`
[INFO] [stderr]  Downloading crates ...
[INFO] [stderr]   Downloaded if_chain v1.0.0
[INFO] [stderr]   Downloaded validator_derive v0.10.1
[INFO] [stderr]   Downloaded validator v0.10.1
[INFO] [stderr]   Downloaded rocket_cors v0.5.2
[INFO] running `Command { std: "docker" "create" "-v" "/var/lib/crater-agent-workspace/builds/worker-4/target:/opt/rustwide/target:rw,Z" "-v" "/var/lib/crater-agent-workspace/builds/worker-4/source:/opt/rustwide/workdir:ro,Z" "-v" "/var/lib/crater-agent-workspace/cargo-home:/opt/rustwide/cargo-home:ro,Z" "-v" "/var/lib/crater-agent-workspace/rustup-home:/opt/rustwide/rustup-home:ro,Z" "-e" "SOURCE_DIR=/opt/rustwide/workdir" "-e" "CARGO_TARGET_DIR=/opt/rustwide/target" "-e" "CARGO_HOME=/opt/rustwide/cargo-home" "-e" "RUSTUP_HOME=/opt/rustwide/rustup-home" "-w" "/opt/rustwide/workdir" "-m" "1610612736" "--user" "0:0" "--network" "none" "rustops/crates-build-env@sha256:d92eaeed33fa75130ca1ee6c8a01d1ffb62bac859dfdfb3450e3e5d1c0146529" "/opt/rustwide/cargo-home/bin/cargo" "+72f88fc4e9458f89516a0b8b0868f3718aec5b47" "metadata" "--no-deps" "--format-version=1", kill_on_drop: false }`
[INFO] [stderr] WARNING: Your kernel does not support swap limit capabilities or the cgroup is not mounted. Memory limited without swap.
[INFO] [stdout] 768b37dbe4647b90772599d5058281b6e7646e72c4d0d481a8b449b3cad1cb34
[INFO] running `Command { std: "docker" "start" "-a" "768b37dbe4647b90772599d5058281b6e7646e72c4d0d481a8b449b3cad1cb34", kill_on_drop: false }`
[INFO] running `Command { std: "docker" "inspect" "768b37dbe4647b90772599d5058281b6e7646e72c4d0d481a8b449b3cad1cb34", kill_on_drop: false }`
[INFO] running `Command { std: "docker" "rm" "-f" "768b37dbe4647b90772599d5058281b6e7646e72c4d0d481a8b449b3cad1cb34", kill_on_drop: false }`
[INFO] [stdout] 768b37dbe4647b90772599d5058281b6e7646e72c4d0d481a8b449b3cad1cb34
[INFO] running `Command { std: "docker" "create" "-v" "/var/lib/crater-agent-workspace/builds/worker-4/target:/opt/rustwide/target:rw,Z" "-v" "/var/lib/crater-agent-workspace/builds/worker-4/source:/opt/rustwide/workdir:ro,Z" "-v" "/var/lib/crater-agent-workspace/cargo-home:/opt/rustwide/cargo-home:ro,Z" "-v" "/var/lib/crater-agent-workspace/rustup-home:/opt/rustwide/rustup-home:ro,Z" "-e" "SOURCE_DIR=/opt/rustwide/workdir" "-e" "CARGO_TARGET_DIR=/opt/rustwide/target" "-e" "CARGO_INCREMENTAL=0" "-e" "RUST_BACKTRACE=full" "-e" "RUSTFLAGS=--cap-lints=forbid" "-e" "CARGO_HOME=/opt/rustwide/cargo-home" "-e" "RUSTUP_HOME=/opt/rustwide/rustup-home" "-w" "/opt/rustwide/workdir" "-m" "1610612736" "--user" "0:0" "--network" "none" "rustops/crates-build-env@sha256:d92eaeed33fa75130ca1ee6c8a01d1ffb62bac859dfdfb3450e3e5d1c0146529" "/opt/rustwide/cargo-home/bin/cargo" "+72f88fc4e9458f89516a0b8b0868f3718aec5b47" "check" "--frozen" "--all" "--all-targets" "--message-format=json", kill_on_drop: false }`
[INFO] [stdout] c00129f6c9082d53d90939280c6b923e77a01e2e4036f691e5d3e873c6358fd1
[INFO] [stderr] WARNING: Your kernel does not support swap limit capabilities or the cgroup is not mounted. Memory limited without swap.
[INFO] running `Command { std: "docker" "start" "-a" "c00129f6c9082d53d90939280c6b923e77a01e2e4036f691e5d3e873c6358fd1", kill_on_drop: false }`
[INFO] [stderr]    Compiling autocfg v1.0.0
[INFO] [stderr]    Compiling unicode-xid v0.2.1
[INFO] [stderr]    Compiling syn v1.0.35
[INFO] [stderr]    Compiling serde_derive v1.0.115
[INFO] [stderr]    Compiling unicode-xid v0.1.0
[INFO] [stderr]    Compiling serde v1.0.115
[INFO] [stderr]    Compiling memchr v2.3.3
[INFO] [stderr]    Compiling tinyvec v0.3.3
[INFO] [stderr]    Compiling matches v0.1.8
[INFO] [stderr]    Compiling httparse v1.3.4
[INFO] [stderr]    Compiling percent-encoding v2.1.0
[INFO] [stderr]    Compiling safemem v0.3.3
[INFO] [stderr]     Checking instant v0.1.6
[INFO] [stderr]     Checking percent-encoding v1.0.1
[INFO] [stderr]    Compiling smallvec v1.4.1
[INFO] [stderr]    Compiling cc v1.0.58
[INFO] [stderr]    Compiling lazy_static v1.4.0
[INFO] [stderr]    Compiling pq-sys v0.4.6
[INFO] [stderr]     Checking itoa v0.4.6
[INFO] [stderr]     Checking lazycell v1.2.1
[INFO] [stderr]     Checking untrusted v0.7.1
[INFO] [stderr]     Checking deunicode v0.4.3
[INFO] [stderr]    Compiling if_chain v1.0.0
[INFO] [stderr]     Checking dotenv v0.15.0
[INFO] [stderr]    Compiling pear_codegen v0.1.4
[INFO] [stderr]    Compiling rocket_codegen v0.4.5
[INFO] [stderr]    Compiling rocket v0.4.5
[INFO] [stderr]    Compiling rocket_contrib_codegen v0.4.5
[INFO] [stderr]     Checking thread_local v1.0.1
[INFO] [stderr]    Compiling unicode-bidi v0.3.4
[INFO] [stderr]     Checking lock_api v0.4.1
[INFO] [stderr]    Compiling libc v0.2.73
[INFO] [stderr]    Compiling proc-macro2 v1.0.19
[INFO] [stderr]    Compiling bitflags v1.2.1
[INFO] [stderr]     Checking log v0.4.11
[INFO] [stderr]    Compiling byteorder v1.3.4
[INFO] [stderr]     Checking slug v0.1.4
[INFO] [stderr]    Compiling proc-macro2 v0.4.30
[INFO] [stderr]     Checking idna v0.1.5
[INFO] [stderr]    Compiling ryu v1.0.5
[INFO] [stderr]    Compiling unicode-normalization v0.1.13
[INFO] [stderr]     Checking time v0.1.43
[INFO] [stderr]     Checking parking_lot_core v0.8.0
[INFO] [stderr]     Checking net2 v0.2.34
[INFO] [stderr]     Checking iovec v0.1.4
[INFO] [stderr]     Checking inotify-sys v0.1.3
[INFO] [stderr]     Checking getrandom v0.1.14
[INFO] [stderr]     Checking rand v0.4.6
[INFO] [stderr]     Checking filetime v0.2.10
[INFO] [stderr]     Checking base64 v0.9.3
[INFO] [stderr]    Compiling hashbrown v0.8.1
[INFO] [stderr]    Compiling num-traits v0.2.12
[INFO] [stderr]    Compiling indexmap v1.5.0
[INFO] [stderr]    Compiling num-integer v0.1.43
[INFO] [stderr]    Compiling num-bigint v0.2.6
[INFO] [stderr]     Checking log v0.3.9
[INFO] [stderr]     Checking parking_lot v0.11.0
[INFO] [stderr]     Checking aho-corasick v0.7.13
[INFO] [stderr]    Compiling quote v1.0.7
[INFO] [stderr]     Checking inotify v0.7.1
[INFO] [stderr]     Checking cookie v0.11.3
[INFO] [stderr]     Checking mio v0.6.22
[INFO] [stderr]     Checking rand_core v0.5.1
[INFO] [stderr]    Compiling num_cpus v1.13.0
[INFO] [stderr]    Compiling quote v0.6.13
[INFO] [stderr]     Checking url v1.7.2
[INFO] [stderr]    Compiling mime v0.2.6
[INFO] [stderr]     Checking scheduled-thread-pool v0.2.5
[INFO] [stderr]    Compiling idna v0.2.0
[INFO] [stderr]     Checking rand v0.3.23
[INFO] [stderr]     Checking rand_chacha v0.2.2
[INFO] [stderr]    Compiling syn v0.15.44
[INFO] [stderr]    Compiling ring v0.16.15
[INFO] [stderr]     Checking rust-crypto v0.2.36
[INFO] [stderr]     Checking r2d2 v0.8.9
[INFO] [stderr]     Checking mio-extras v2.0.6
[INFO] [stderr]     Checking rand v0.7.3
[INFO] [stderr]     Checking regex v1.3.9
[INFO] [stderr]     Checking hyper v0.10.16
[INFO] [stderr]     Checking notify v4.0.15
[INFO] [stderr]    Compiling url v2.1.1
[INFO] [stderr]     Checking pem v0.8.1
[INFO] [stderr]    Compiling devise_core v0.2.0
[INFO] [stderr]    Compiling devise_codegen v0.2.0
[INFO] [stderr]    Compiling diesel_derives v1.4.1
[INFO] [stderr]    Compiling devise v0.2.0
[INFO] [stderr]    Compiling pear v0.1.4
[INFO] [stderr]     Checking rocket_http v0.4.5
[INFO] [stderr]     Checking chrono v0.4.15
[INFO] [stderr]     Checking serde_json v1.0.57
[INFO] [stderr]     Checking toml v0.4.10
[INFO] [stderr]     Checking validator v0.10.1
[INFO] [stderr]     Checking diesel v1.4.5
[INFO] [stderr]     Checking simple_asn1 v0.4.1
[INFO] [stderr]     Checking jsonwebtoken v7.2.0
[INFO] [stderr]     Checking rocket_cors v0.5.2
[INFO] [stderr]    Compiling validator_derive v0.10.1
[INFO] [stderr]     Checking rocket_contrib v0.4.5
[INFO] [stderr]     Checking rust-test-rocket-server v0.1.0 (/opt/rustwide/workdir)
[INFO] [stdout] error[E0432]: unresolved import `crate::auth`
[INFO] [stdout]  --> src/routes/users.rs:1:12
[INFO] [stdout]   |
[INFO] [stdout] 1 | use crate::auth::Auth;
[INFO] [stdout]   |            ^^^^ maybe a missing crate `auth`?
[INFO] [stdout] 
[INFO] [stdout] 
[INFO] [stdout] error[E0432]: unresolved import `crate::config`
[INFO] [stdout]  --> src/routes/users.rs:2:12
[INFO] [stdout]   |
[INFO] [stdout] 2 | use crate::config::AppState;
[INFO] [stdout]   |            ^^^^^^
[INFO] [stdout]   |            |
[INFO] [stdout]   |            unresolved import
[INFO] [stdout]   |            help: a similar path exists: `rocket::config`
[INFO] [stdout] 
[INFO] [stdout] 
[INFO] [stdout] error[E0433]: failed to resolve: maybe a missing crate `db`?
[INFO] [stdout]  --> src/routes/users.rs:3:12
[INFO] [stdout]   |
[INFO] [stdout] 3 | use crate::db::{self, users::UserCreationError};
[INFO] [stdout]   |            ^^ maybe a missing crate `db`?
[INFO] [stdout] 
[INFO] [stdout] 
[INFO] [stdout] error[E0432]: unresolved import `crate::db`
[INFO] [stdout]  --> src/routes/users.rs:3:17
[INFO] [stdout]   |
[INFO] [stdout] 3 | use crate::db::{self, users::UserCreationError};
[INFO] [stdout]   |                 ^^^^ no `db` in the root
[INFO] [stdout] 
[INFO] [stdout] 
[INFO] [stdout] error[E0432]: unresolved import `crate::errors`
[INFO] [stdout]  --> src/routes/users.rs:4:12
[INFO] [stdout]   |
[INFO] [stdout] 4 | use crate::errors::{Errors, FieldValidator};
[INFO] [stdout]   |            ^^^^^^
[INFO] [stdout]   |            |
[INFO] [stdout]   |            unresolved import
[INFO] [stdout]   |            help: a similar path exists: `jsonwebtoken::errors`
[INFO] [stdout] 
[INFO] [stdout] 
[INFO] [stdout] error: cannot find derive macro `Validate` in this scope
[INFO] [stdout]   --> src/routes/users.rs:16:23
[INFO] [stdout]    |
[INFO] [stdout] 16 | #[derive(Deserialize, Validate)]
[INFO] [stdout]    |                       ^^^^^^^^
[INFO] [stdout] 
[INFO] [stdout] 
[INFO] [stdout] error: cannot find attribute `validate` in this scope
[INFO] [stdout]   --> src/routes/users.rs:18:7
[INFO] [stdout]    |
[INFO] [stdout] 18 |     #[validate(length(min = 1))]
[INFO] [stdout]    |       ^^^^^^^^
[INFO] [stdout] 
[INFO] [stdout] 
[INFO] [stdout] error: cannot find attribute `validate` in this scope
[INFO] [stdout]   --> src/routes/users.rs:20:7
[INFO] [stdout]    |
[INFO] [stdout] 20 |     #[validate(email)]
[INFO] [stdout]    |       ^^^^^^^^
[INFO] [stdout] 
[INFO] [stdout] 
[INFO] [stdout] error: cannot find attribute `validate` in this scope
[INFO] [stdout]   --> src/routes/users.rs:22:7
[INFO] [stdout]    |
[INFO] [stdout] 22 |     #[validate(length(min = 8))]
[INFO] [stdout]    |       ^^^^^^^^
[INFO] [stdout] 
[INFO] [stdout] 
[INFO] [stdout] error: cannot find macro `json` in this scope
[INFO] [stdout]   --> src/routes/users.rs:42:21
[INFO] [stdout]    |
[INFO] [stdout] 42 |         .map(|user| json!({ "user": user.to_user_auth(&state.secret) }))
[INFO] [stdout]    |                     ^^^^
[INFO] [stdout] 
[INFO] [stdout] 
[INFO] [stdout] error: cannot find macro `json` in this scope
[INFO] [stdout]   --> src/routes/users.rs:77:21
[INFO] [stdout]    |
[INFO] [stdout] 77 |         .map(|user| json!({ "user": user.to_user_auth(&state.secret) }))
[INFO] [stdout]    |                     ^^^^
[INFO] [stdout] 
[INFO] [stdout] 
[INFO] [stdout] error: cannot find macro `json` in this scope
[INFO] [stdout]   --> src/routes/users.rs:83:48
[INFO] [stdout]    |
[INFO] [stdout] 83 |     db::users::find(&conn, auth.id).map(|user| json!({ "user": user.to_user_auth(&state.secret) }))
[INFO] [stdout]    |                                                ^^^^
[INFO] [stdout] 
[INFO] [stdout] 
[INFO] [stdout] error: cannot find macro `json` in this scope
[INFO] [stdout]   --> src/routes/users.rs:99:21
[INFO] [stdout]    |
[INFO] [stdout] 99 |         .map(|user| json!({ "user": user.to_user_auth(&state.secret) }))
[INFO] [stdout]    |                     ^^^^
[INFO] [stdout] 
[INFO] [stdout] 
[INFO] [stdout] error[E0433]: failed to resolve: use of undeclared type or module `UserCreationError`
[INFO] [stdout]   --> src/routes/users.rs:45:17
[INFO] [stdout]    |
[INFO] [stdout] 45 |                 UserCreationError::DuplicatedEmail => "email",
[INFO] [stdout]    |                 ^^^^^^^^^^^^^^^^^ use of undeclared type or module `UserCreationError`
[INFO] [stdout] 
[INFO] [stdout] 
[INFO] [stdout] error[E0433]: failed to resolve: use of undeclared type or module `UserCreationError`
[INFO] [stdout]   --> src/routes/users.rs:46:17
[INFO] [stdout]    |
[INFO] [stdout] 46 |                 UserCreationError::DuplicatedUsername => "username",
[INFO] [stdout]    |                 ^^^^^^^^^^^^^^^^^ use of undeclared type or module `UserCreationError`
[INFO] [stdout] 
[INFO] [stdout] 
[INFO] [stdout] warning: unused import: `validator::Validate`
[INFO] [stdout]  --> src/routes/users.rs:9:5
[INFO] [stdout]   |
[INFO] [stdout] 9 | use validator::Validate;
[INFO] [stdout]   |     ^^^^^^^^^^^^^^^^^^^
[INFO] [stdout]   |
[INFO] [stdout]   = note: `#[warn(unused_imports)]` on by default
[INFO] [stdout] 
[INFO] [stdout] 
[INFO] [stdout] error[E0432]: unresolved import `crate::auth`
[INFO] [stdout]  --> src/routes/users.rs:1:12
[INFO] [stdout]   |
[INFO] [stdout] 1 | use crate::auth::Auth;
[INFO] [stdout]   |            ^^^^ maybe a missing crate `auth`?
[INFO] [stdout] 
[INFO] [stdout] 
[INFO] [stdout] error[E0432]: unresolved import `crate::config`
[INFO] [stdout]  --> src/routes/users.rs:2:12
[INFO] [stdout]   |
[INFO] [stdout] 2 | use crate::config::AppState;
[INFO] [stdout]   |            ^^^^^^
[INFO] [stdout]   |            |
[INFO] [stdout]   |            unresolved import
[INFO] [stdout]   |            help: a similar path exists: `rocket::config`
[INFO] [stdout] 
[INFO] [stdout] 
[INFO] [stdout] error[E0433]: failed to resolve: maybe a missing crate `db`?
[INFO] [stdout]  --> src/routes/users.rs:3:12
[INFO] [stdout]   |
[INFO] [stdout] 3 | use crate::db::{self, users::UserCreationError};
[INFO] [stdout]   |            ^^ maybe a missing crate `db`?
[INFO] [stdout] 
[INFO] [stdout] 
[INFO] [stdout] error[E0432]: unresolved import `crate::db`
[INFO] [stdout]  --> src/routes/users.rs:3:17
[INFO] [stdout]   |
[INFO] [stdout] 3 | use crate::db::{self, users::UserCreationError};
[INFO] [stdout]   |                 ^^^^ no `db` in the root
[INFO] [stdout] 
[INFO] [stdout] 
[INFO] [stdout] error[E0432]: unresolved import `crate::errors`
[INFO] [stdout]  --> src/routes/users.rs:4:12
[INFO] [stdout]   |
[INFO] [stdout] 4 | use crate::errors::{Errors, FieldValidator};
[INFO] [stdout]   |            ^^^^^^
[INFO] [stdout]   |            |
[INFO] [stdout]   |            unresolved import
[INFO] [stdout]   |            help: a similar path exists: `jsonwebtoken::errors`
[INFO] [stdout] 
[INFO] [stdout] 
[INFO] [stdout] error: cannot find derive macro `Validate` in this scope
[INFO] [stdout]   --> src/routes/users.rs:16:23
[INFO] [stdout]    |
[INFO] [stdout] 16 | #[derive(Deserialize, Validate)]
[INFO] [stdout]    |                       ^^^^^^^^
[INFO] [stdout] 
[INFO] [stdout] 
[INFO] [stdout] error: cannot find attribute `validate` in this scope
[INFO] [stdout]   --> src/routes/users.rs:18:7
[INFO] [stdout]    |
[INFO] [stdout] 18 |     #[validate(length(min = 1))]
[INFO] [stdout]    |       ^^^^^^^^
[INFO] [stdout] 
[INFO] [stdout] 
[INFO] [stdout] error: cannot find attribute `validate` in this scope
[INFO] [stdout]   --> src/routes/users.rs:20:7
[INFO] [stdout]    |
[INFO] [stdout] 20 |     #[validate(email)]
[INFO] [stdout]    |       ^^^^^^^^
[INFO] [stdout] 
[INFO] [stdout] 
[INFO] [stdout] error: cannot find attribute `validate` in this scope
[INFO] [stdout]   --> src/routes/users.rs:22:7
[INFO] [stdout]    |
[INFO] [stdout] 22 |     #[validate(length(min = 8))]
[INFO] [stdout]    |       ^^^^^^^^
[INFO] [stdout] 
[INFO] [stdout] 
[INFO] [stdout] error: cannot find macro `json` in this scope
[INFO] [stdout]   --> src/routes/users.rs:42:21
[INFO] [stdout]    |
[INFO] [stdout] 42 |         .map(|user| json!({ "user": user.to_user_auth(&state.secret) }))
[INFO] [stdout]    |                     ^^^^
[INFO] [stdout] 
[INFO] [stdout] 
[INFO] [stdout] error: cannot find macro `json` in this scope
[INFO] [stdout]   --> src/routes/users.rs:77:21
[INFO] [stdout]    |
[INFO] [stdout] 77 |         .map(|user| json!({ "user": user.to_user_auth(&state.secret) }))
[INFO] [stdout]    |                     ^^^^
[INFO] [stdout] 
[INFO] [stdout] 
[INFO] [stdout] error: cannot find macro `json` in this scope
[INFO] [stdout]   --> src/routes/users.rs:83:48
[INFO] [stdout]    |
[INFO] [stdout] 83 |     db::users::find(&conn, auth.id).map(|user| json!({ "user": user.to_user_auth(&state.secret) }))
[INFO] [stdout]    |                                                ^^^^
[INFO] [stdout] 
[INFO] [stdout] 
[INFO] [stdout] error: cannot find macro `json` in this scope
[INFO] [stdout]   --> src/routes/users.rs:99:21
[INFO] [stdout]    |
[INFO] [stdout] 99 |         .map(|user| json!({ "user": user.to_user_auth(&state.secret) }))
[INFO] [stdout]    |                     ^^^^
[INFO] [stdout] 
[INFO] [stdout] 
[INFO] [stdout] error[E0433]: failed to resolve: use of undeclared type or module `UserCreationError`
[INFO] [stdout]   --> src/routes/users.rs:45:17
[INFO] [stdout]    |
[INFO] [stdout] 45 |                 UserCreationError::DuplicatedEmail => "email",
[INFO] [stdout]    |                 ^^^^^^^^^^^^^^^^^ use of undeclared type or module `UserCreationError`
[INFO] [stdout] 
[INFO] [stdout] 
[INFO] [stdout] error[E0433]: failed to resolve: use of undeclared type or module `UserCreationError`
[INFO] [stdout]   --> src/routes/users.rs:46:17
[INFO] [stdout]    |
[INFO] [stdout] 46 |                 UserCreationError::DuplicatedUsername => "username",
[INFO] [stdout]    |                 ^^^^^^^^^^^^^^^^^ use of undeclared type or module `UserCreationError`
[INFO] [stdout] 
[INFO] [stdout] 
[INFO] [stdout] warning: unused import: `validator::Validate`
[INFO] [stdout]  --> src/routes/users.rs:9:5
[INFO] [stdout]   |
[INFO] [stdout] 9 | use validator::Validate;
[INFO] [stdout]   |     ^^^^^^^^^^^^^^^^^^^
[INFO] [stdout]   |
[INFO] [stdout]   = note: `#[warn(unused_imports)]` on by default
[INFO] [stdout] 
[INFO] [stdout] 
[INFO] [stdout] error: aborting due to 15 previous errors; 1 warning emitted
[INFO] [stdout] 
[INFO] [stdout] 
[INFO] [stdout] Some errors have detailed explanations: E0432, E0433.
[INFO] [stdout] 
[INFO] [stdout] For more information about an error, try `rustc --explain E0432`.
[INFO] [stdout] 
[INFO] [stderr] error: could not compile `rust-test-rocket-server`.
[INFO] [stderr] 
[INFO] [stderr] To learn more, run the command again with --verbose.
[INFO] [stderr] warning: build failed, waiting for other jobs to finish...
[INFO] [stdout] error: aborting due to 15 previous errors; 1 warning emitted
[INFO] [stdout] 
[INFO] [stdout] 
[INFO] [stdout] Some errors have detailed explanations: E0432, E0433.
[INFO] [stdout] 
[INFO] [stdout] For more information about an error, try `rustc --explain E0432`.
[INFO] [stdout] 
[INFO] [stderr] error: build failed
[INFO] running `Command { std: "docker" "inspect" "c00129f6c9082d53d90939280c6b923e77a01e2e4036f691e5d3e873c6358fd1", kill_on_drop: false }`
[INFO] running `Command { std: "docker" "rm" "-f" "c00129f6c9082d53d90939280c6b923e77a01e2e4036f691e5d3e873c6358fd1", kill_on_drop: false }`
[INFO] [stdout] c00129f6c9082d53d90939280c6b923e77a01e2e4036f691e5d3e873c6358fd1
